29.
26
Let d = 17 + -12. Let z be 40/6*(5 - 2). Suppose -z = v - 25. Calculate the remainder when v is divided by d.
0
Let h be (0 - 28)*78/104. What is the remainder when -3 + (-60)/h - (-9333)/63 is divided by 10?
8
Let s(j) = j**2 - 149*j + 5247. Calculate the remainder when 3377 is divided by s(57).
2
Suppose -9*z = -39 - 15. Suppose 4*o + 26 = z*o. Let h = o + -8. What is the remainder when 9 is divided by h?
4
Suppose -4*x + 243 + 151 = 3*c, -2*c = x - 251. What is the remainder when 1822 is divided by c?
114
Let g(k) = -23*k + 4. Let w be g(-4). Suppose -3*h + w + 258 = 0. Let n = 1371 + -1354. Calculate the remainder when h is divided by n.
16
Calculate the remainder when 5849 is divided by ((-57)/5)/(855/(-1425)).
16
Let h be ((-1)/2)/((45/(-156))/15). Suppose 5*u - 2*a = h, -3*a = 2*u + a + 4. Calculate the remainder when 27 is divided by 12 + (5 - 8/u).
12
Let v(s) = 5*s**2 + 30*s + 4. Calculate the remainder when 685 is divided by v(3).
129
Let f be (-39)/15 - -4*(-5)/50. Let s(g) = 5*g**2 + 7*g - 3. Calculate the remainder when s(f) is divided by 17.
4
Let j be (-10)/4 - (-3)/(-6). Let z = 13 - j. Let n(r) = 3*r**2 - 37*r + 167. What is the remainder when n(8) is divided by z?
15
Let d = -474 + 476. Calculate the remainder when 156 is divided by d + (-20)/5 - -56.
48
Suppose 20 + 100 = 6*k. Let c(q) = q**2 - 28*q + 189. What is the remainder when 607 is divided by c(k)?
27
Suppose -219*s - 48 = -227*s. Suppose 2*n + 2*v = 274, -5*n + 436 = -2*n - 2*v. Calculate the remainder when n is divided by s.
4
Let m be (-3*1*(-449)/(-3))/(-1). What is the remainder when 76 is divided by 26/1287*9 - m/(-11)?
35
Suppose g + g = 2*s + 32, -80 = -5*g - 3*s. Let u be 12/(-4) - (-1 + 2). Calculate the remainder when g is divided by 6 - 4/(u/5).
5
Let l = -2037 + 1362. Suppose -j - j + 28 = 0. What is the remainder when (l/25)/(0 - 1) is divided by j?
13
Suppose -11 + 2 = -3*l. Let m = -20632 + 20658. What is the remainder when m is divided by l?
2
Suppose -f = 5*y - 374, 4*f - 98*y + 101*y = 1598. What is the remainder when f is divided by 144?
116
Suppose 9*n - 81 = -18*n. Suppose -n*a - 2*u + 72 = -5*u, 4*a = -u + 86. What is the remainder when 150 is divided by a?
18
Suppose 4*m - 29 = -u, -u = -5*u + 5*m + 179. Let s be -2 + 3 + 1 + 0. Suppose s*y - 19 = u. What is the remainder when 118 is divided by y?
28
Suppose 19*x - 2883 - 1063 = 1298. Calculate the remainder when x is divided by 132.
12
Suppose -2663 + 70 = -4*g - 5*o, 1264 = 2*g - 4*o. Calculate the remainder when g is divided by 13.
5
Let r = 42562 + -42543. What is the remainder when 53046 is divided by r?
17
Calculate the remainder when 395 is divided by 6 + -5 + 15 - 11.
0
Let a = 291 - 288. Suppose 0 = -a*o - 20*o + 276. Calculate the remainder when 107 is divided by o.
11
Suppose 2*a + 2*f - 11 = 15, 3*a + f - 31 = 0. Suppose 18*y - 21*y - 3*t + 54 = 0, 2*y - 5*t = 1. What is the remainder when y is divided by a?
4
Suppose 3145 = 19*o - 5785. Calculate the remainder when o is divided by 114.
14
Suppose 379 = 8*t - 293. Suppose -5*h + d - 8 + 194 = 0, 2*h + 2*d - t = 0. Calculate the remainder when h is divided by (-8)/(-10)*175/14.
8
Let c = 845 - 603. Let w = c - 225. What is the remainder when 151 is divided by w?
15
Suppose 0 = -6*r - 18 - 156. Calculate the remainder when (r - -27)*(-269)/4*2 is divided by 27.
26
Suppose 25*k - 34*k + 31*k - 946 = 0. Calculate the remainder when 76 is divided by k.
33
Suppose 47 - 22 = 5*f. Let n = 73 + -69. Suppose -n = -h + 29. Calculate the remainder when h is divided by f.
3
Suppose 20*o + 8*o - 17493 = 21*o. Calculate the remainder when o is divided by 61.
59
Suppose -l = -5*f - 11, 3*l = -3*f + 10 - 31. Calculate the remainder when 41 is divided by 133/14 + 2/l.
5
Let h(k) = k + 32. Let i be h(-13). Suppose -i*w = -17*w. Suppose w*l - 5*l + 3*c + 72 = 0, 5*l - 52 = -2*c. Calculate the remainder when 45 is divided by l.
9
Suppose 4*f + 4*h - 13468 = 0, 3*h - 67 + 46 = 0. Calculate the remainder when f is divided by 177.
174
Let m be 10/(-12) + 1000/48. Suppose 4*k = -0*k + 188. Calculate the remainder when k is divided by 117/26*m/9.
7
Suppose -3*f + 12 = 0, 2*f = -w + 5 + 23. Let d(l) = -5*l - 29. Let o be d(-6). What is the remainder when o*205/5 + -2 is divided by w?
19
Let d = 49 - -49. Suppose 5 = 2*v - x, -5*v - x + 132 = 123. Suppose -v*p + d = 5*p. Calculate the remainder when p is divided by 5.
4
Let z(a) = -3*a - 6. Suppose 8*r = 7*r - 7. Calculate the remainder when 124/3 + 38/57 is divided by z(r).
12
Suppose 24 = 9*k + 6. Suppose 0 = -k*c - 4*d + 60, c = 6*c + 3*d - 185. What is the remainder when c is divided by (2/3)/(4/18)?
1
Let w(j) = 2*j - 1. Let t(l) = 17*l - 90. Let p(m) = t(m) + w(m). What is the remainder when p(6) is divided by -18*(2 + 16/(-6))?
11
Suppose -2*k = 66*k - 8840. Calculate the remainder when k is divided by 21.
4
Let o be (-6)/10 + 26/(-65) - 0. Let l be (18/(-6))/(0 + o). Suppose v + 11 = c - l, 0 = 4*c - 2*v - 56. Calculate the remainder when 40 is divided by c.
12
Suppose -127 = 42*z - 942 - 1117. Calculate the remainder when 127 is divided by z.
35
What is the remainder when (-29)/((-261)/(-54)) - -183 is divided by 159?
18
Suppose -x + 0*x - 5*m - 13 = 0, x - 4*m - 14 = 0. Calculate the remainder when (6 + -5)/((-2)/(-86)) is divided by 3*x/(-8)*-20.
13
Suppose 18503 = 5*r + 2*d, 3*r + 33*d - 34*d = 11115. What is the remainder when r is divided by 1840?
23
Let n(o) = -10*o + 398. Suppose -41 = -5*f + 34. What is the remainder when n(4) is divided by f?
13
Suppose -3*l + 169 = 2*u, 97*u - 94*u + 104 = 2*l. Calculate the remainder when 1775 is divided by l.
15
Let q(h) = h + 75*h**2 + 5*h - 17*h**2 + 7*h - 4*h - 20. What is the remainder when q(2) is divided by 11?
10
Suppose -2*c + 38 = -210. Suppose 4*z - 4*n - 464 = 0, -c = -z - n - 6. Calculate the remainder when z is divided by 20.
17
Let h be 9/(7 + 4/(-1)). What is the remainder when (-5)/(5/(-142)) - (-1 + h) is divided by 29?
24
Let b = -3459 - -4054. What is the remainder when b is divided by 85?
0
Let z(x) = 75*x - 1091. What is the remainder when z(39) is divided by 34?
32
What is the remainder when 281 is divided by ((-260)/(-780))/((-1)/(-345))?
51
Suppose -24*c + 210 = -14*c. Calculate the remainder when (7/c)/((-493)/(-246) + -2) is divided by 19.
6
Suppose 541 - 284 = 8*d - 1487. What is the remainder when d is divided by 30?
8
Let d(z) = -2*z**3 + 50*z**2 - 253*z + 66. Calculate the remainder when 9/6*(223 + -1) is divided by d(18).
45
Suppose -11*h + 20*h = 1233. Suppose -4*d + 34 = w, -3*d - 112 = 4*w - 274. What is the remainder when h is divided by w?
11
Let t(p) = 78*p**2 + 30*p - 266. What is the remainder when t(-8) is divided by 88?
86
Let u = 15 - 13. Suppose -2*y - 57 = -5*d - 6*y, -3*y = -3*d + 45. What is the remainder when ((-2)/3)/(u/(-147)) is divided by d?
10
Suppose -i = -p + 616, i = -4*p + 3*p + 606. Let u = -371 + p. Calculate the remainder when (u/28)/5*(-112)/(-2) is divided by 33.
30
Let j = -52 - -76. Suppose -217330 = 163*t - 588*t - 630*t. Calculate the remainder when t is divided by j.
14
Let x = -1490 + 1497. Suppose 3*o + 5*y - 126 = -o, 3*y - 130 = -4*o. Calculate the remainder when o is divided by x.
6
Suppose 1055*g + 85 = 1060*g. Calculate the remainder when (94 + -2)*(3/(-6) - -1) is divided by g.
12
Let q(i) = 4*i - 3. Let l(f) = f**2 - 12*f + 23. Let a be l(10). What is the remainder when 34 is divided by q(a)?
7
Suppose 0 = 9*i - 11*i - 4, 4*n - 60 = -2*i. Suppose n*q + 368 = 62*q. What is the remainder when 24 is divided by q?
0
Suppose 7 = -4*l + 15. What is the remainder when 248 is divided by 24 + -27 + 51 + l?
48
Suppose 371*w - 378*w + 238 = 0. Suppose w*a = 31*a + 108. Suppose -5*k = 4*n - 22, k + 0*k = 2*n - 18. What is the remainder when a is divided by n?
4
Suppose 20*a - 16*a = b - 29, 0 = 3*a + 9. Calculate the remainder when 260 is divided by b.
5
Let p(u) = -u**2 + 24*u - 104. Let f be p(18). Suppose f*o - 61 = 67. What is the remainder when 122 is divided by o?
26
Let p = 124 - 117. Let x(z) = z**3 - 8*z**2 + 13*z - 18. What is the remainder when 71 is divided by x(p)?
23
Suppose 2*m = -s + 4*s + 280, 0 = -m - s + 150. Suppose 2*c = -0*c + 8. Suppose -c*w + 185 = w. Calcu